nder when h is divided by 50.
49
Let j = 35 + -16. Suppose 4*i + j = o, 2*o - 6*o - 3*i - 19 = 0. Calculate the remainder when 21 is divided by (-1)/(o/(-2) - (-15)/(-26)).
8
Suppose -16 + 232 = 42*q - 288. Calculate the remainder when 427 is divided by q.
7
Let w = 3079 - 3057. Calculate the remainder when 75 is divided by w.
9
Let x = -17 + 29. Let g = -343 - -582. Calculate the remainder when g is divided by x.
11
Let x = -4 - -8. Suppose 4*b - 176 = -x*u, -5*u - b = -2*u - 142. Calculate the remainder when 68 is divided by u.
19
Let x(o) = -3*o - 1. Let f be x(1). Let k be f/34 + 280/68. Suppose 75 = 7*a - 2*a + 3*w, -4*a - k*w = -68. Calculate the remainder when 47 is divided by a.
11
Suppose -4*p = -7*p + 4*i + 242, p - 5*i = 77. Let q = -79 + 53. Let k = 43 + q. What is the remainder when p is divided by k?
14
Suppose -118*z + 110*z = -8. Suppose -z = -8*o + 263. Calculate the remainder when 95 is divided by o.
29
Suppose -10*k + 8*k - 3*r = -155, 9*r = -45. Calculate the remainder when 6794 is divided by k.
79
Suppose -k + i + 546 = -5*k, 4*i = -k - 144. Let a = -130 - k. What is the remainder when 32 is divided by a?
2
Let b(a) = -a**2 - 50*a + 255. What is the remainder when 444 is divided by b(-54)?
15
Suppose 2*t + 4*n - 49 = 43, 3*n = -3*t + 132. Calculate the remainder when 209 is divided by t.
41
Let l = 1280 + -1156. Calculate the remainder when 257 is divided by l.
9
Let p(n) = 2*n**2 - 6704*n - 26835. What is the remainder when 30 - (2/1 - 0) is divided by p(-4)?
2
What is the remainder when 375 is divided by ((-4)/8)/((-2)/540*1)?
105
Let t = 21 - 0. Suppose t = 4*j + 13. What is the remainder when -2 + (-4 - (-46)/j) is divided by 6?
5
Let w = 177 - 174. Suppose -4*t = -2*m + t + 49, -w*m + 5*t = -71. Calculate the remainder when 85 is divided by m.
19
Let i be ((-384)/60)/((-2)/30). Suppose -4*v = -3*k + i, 10*k - 6*k + 2*v = 128. Calculate the remainder when k is divided by 12.
8
Let a(j) = -j**3 - 13*j**2 - 8*j + 60. Let f be ((-12)/(-14))/(5/(-70)). What is the remainder when 189 is divided by a(f)?
9
Suppose 5*j = 10*j - 25. Suppose j*z - 15 = 10*z. Calculate the remainder when 18 is divided by 6/4 + z*(-13)/6.
2
Let f be (56/(-12))/(2/(-3)). Let g(r) = -2*r**2 - 3*r + 5. Let i be g(2). Calculate the remainder when (-11)/4*(i - f) is divided by 12.
8
Suppose 170 = 5*k - 0*k. Let s be -303*(2/(-1) - -1). Suppose 3*g - n - 306 = 3*n, -3*g = -3*n - s. Calculate the remainder when g is divided by k.
30
Let x = 42736 - 42695. Suppose -z - 2*z = -27. What is the remainder when x is divided by z?
5
Let a(j) = 8*j - j**3 - 4*j**2 + 8 + 5*j**2 + 3*j**2. What is the remainder when 87 is divided by a(5)?
18
Suppose 3*c - 8 - 7 = 0. Suppose -3*i - c*i = -160. What is the remainder when 26 is divided by i?
6
Suppose -22729 - 60333 = -10*v + 83078. Calculate the remainder when v is divided by 191.
188
Let t = 276 - 248. Suppose -p - 694 = -5*f, -4*f - 8*p = -10*p - 560. Calculate the remainder when f is divided by t.
26
What is the remainder when -9*(-9)/(-54)*((-1528)/(-3))/(-2) is divided by 61?
16
Let t be 1/((6/(-2))/(-6)). Suppose 0 = -4*s + 3*a + 2*a + 143, -2*a = -t. What is the remainder when s is divided by 1 - 0 - (-21)/3?
5
Suppose -148 = -9*v + 194. Let l(x) = 2*x + 20. Let q be l(-7). Suppose -w + q*w = 50. Calculate the remainder when v is divided by w.
8
Let m = 41919 - 37524. What is the remainder when m is divided by 100?
95
What is the remainder when 480 is divided by (-2 - 356/(-10)) + (-21)/70*2?
18
Let y = 63 - 65. Let b(p) = -7*p**3 - 3*p**2 - 2*p + 2. Suppose -4*n - n = -65. Calculate the remainder when b(y) is divided by n.
11
Calculate the remainder when 3110/3 + 41/123 is divided by 8.
5
Suppose g + 2*h = 29, 169 = 5*g - h - h. Let i = 57 - -69. Calculate the remainder when i is divided by g.
27
Let b = -579 - -699. What is the remainder when b is divided by 59?
2
Suppose -64*z + 28*z = -72. Let c(o) = 5*o**2 - 2*o**2 + 5 + 9*o**2 - 3*o. What is the remainder when c(z) is divided by 17?
13
Let y be (-4)/2*(-6)/4. Suppose -m - y*m = -140. Let h(o) = 1138*o - 1124. What is the remainder when m is divided by h(1)?
7
Let a = 10 - -5. Suppose 0*j - 5*j + a = 0. What is the remainder when (-2)/j + 35/3 + -4 is divided by 1?
0
Let k = 8603 + -8079. What is the remainder when k is divided by 269?
255
Let l(n) = 2*n + 2*n**2 - 6*n + 2 - 2*n. Let i = -602567 + 602610. Calculate the remainder when i is divided by l(5).
21
Suppose 2951 = 3*m + 2021. Calculate the remainder when m is divided by 108.
94
Suppose 4*k - 890 = 8*i - 10*i, 0 = -5*k + 2*i + 1108. Let j = 48 + -40. Calculate the remainder when k is divided by j.
6
Suppose -3*y - 272 = -o, 4*y + 4*o = 3*o - 358. Let t = y - -96. Calculate the remainder when 10 is divided by t.
4
Let z = 4428 - 4417. Calculate the remainder when 776 is divided by z.
6
What is the remainder when 37 is divided by 1*((-291)/(-9) - (-10)/(-30))?
5
Suppose -5*z - 5*u + 925 = 0, -3*z - 923 = -8*z - 3*u. Calculate the remainder when z is divided by 21.
16
Suppose -1499 = -16*g + 14*g - w, 2*w = -g + 754. Calculate the remainder when g is divided by 26.
20
Suppose 4*x - 2*v - 1114 = 0, -3*x + 2*v = -848 + 10. Calculate the remainder when 596 is divided by x.
44
Let u(g) = g**2 + 6*g - 22. Let r be u(-9). Suppose r*l - 270 = -5*a, -6*a - l - 300 = -11*a. Calculate the remainder when a is divided by 1 - ((3 - 2) + -12).
11
Let w = -428 - -927. Let f = w - 464. What is the remainder when f is divided by (1 + 1)/(3/18)?
11
Let a(r) = -r**2 + 3*r + 8. Let o be a(4). Suppose o*x - 38 - 50 = 0. Calculate the remainder when 65 is divided by x.
21
Suppose -2*j - 2*j = -48. Let t = -307 + 144. Let m = 258 + t. What is the remainder when m is divided by j?
11
Suppose 77*z + 866048 = 475*z. Calculate the remainder when z is divided by 10.
6
Suppose 976*u - 42126 = 959*u. Calculate the remainder when u is divided by 207.
201
Let r(q) = 4*q + 10 - 12 + 9*q. Suppose n + 5*v = 38, n - 42 + 14 = -3*v. What is the remainder when r(3) is divided by n?
11
Suppose w + 2*w - 4*z + 3 = 0, 0 = 2*w - 5*z + 9. Let g(y) = y**3 - 16*y**2 - 30*y - 18. Calculate the remainder when g(18) is divided by w*1/((-15)/(-65)).
12
Let s(t) = 73*t**2 + 191*t - 7. Calculate the remainder when s(-3) is divided by 17.
9
Let s = -1 + 28. Let g(x) = -2115*x + 10586. Calculate the remainder when s is divided by g(5).
5
Let y = 24218 + -24134. Calculate the remainder when 4535 is divided by y.
83
Let l = -3655 - -3677. Suppose 5*i + b = 528, -3*i + 4*b = -349 + 23. Calculate the remainder when i is divided by l.
18
Suppose -4*p + 2*h = -116, -93 = -4*p - 5*h + 37. Suppose 7*z - 12*z + 27 = 2*k, 4*k = 2*z - p. Calculate the remainder when 32 is divided by z.
4
Let b(u) = 190*u - 659. What is the remainder when b(4) is divided by 28?
17
Let b = 17990 + -17671. Calculate the remainder when 1107 is divided by b.
150
Suppose -5*d - 3*y = -3432, -3*d + 99*y - 101*y = -2058. What is the remainder when d is divided by 55?
30
Suppose 5*f + 3*y - 567 = -78, -f + 5*y = -81. What is the remainder when 684 is divided by f?
12
Let c(j) = 41*j**2 - 151*j - 3. Let k(l) = l**2 - 2*l + 1. Let y be 12/(-8)*2*-2. Calculate the remainder when c(4) is divided by k(y).
24
Suppose 0 = -5*n + 2*n + 1062. Calculate the remainder when n is divided by (2 + -1 - 0) + 120*46/345.
14
Let p = 271 + -284. Let j(f) = f**2 - 3*f - 191. Calculate the remainder when 271 is divided by j(p).
16
Suppose -17353 = -895*h + 828*h. Calculate the remainder when h is divided by 31.
11
Suppose 2*j = -3*s + 490, -51 = j + 3*s - 299. Calculate the remainder when j is divided by 29.
10
Let m(l) = -l**3 - 7*l**2 + 15*l - 25. Let v be m(-9). Calculate the remainder when (v/(-5))/((-14)/1750) is divided by 36.
14
Let d = -63 + 87. What is the remainder when 1821 is divided by d?
21
Let n(f) be the first derivative of -f**4/4 + 7*f**3/3 + 5*f**2/2 + 13*f + 91. What is the remainder when n(-5) is divided by 29?
27
Suppose 26*c - 440 = 6*c. Suppose 563 + 75 = c*i. Calculate the remainder when 84 is divided by i.
26
Let a = -18337 - -18343. What is the remainder when 21 is divided by a?
3
Let f = 17871 - 5672. Calculate the remainder when f is divided by 200.
199
Let w(l) = l**3 - 4*l